er when 107350 is divided by 2237.
2211
What is the remainder when 1987 is divided by 954?
79
What is the remainder when 22554 is divided by 640?
154
What is the remainder when 8297 is divided by 8010?
287
Calculate the remainder when 1697 is divided by 3.
2
What is the remainder when 36363 is divided by 114?
111
What is the remainder when 361 is divided by 88?
9
Calculate the remainder when 8780 is divided by 85.
25
Calculate the remainder when 436141 is divided by 2596.
13
What is the remainder when 3349 is divided by 146?
137
Calculate the remainder when 8643 is divided by 618.
609
Calculate the remainder when 196767 is divided by 352.
351
Calculate the remainder when 54844 is divided by 277.
275
What is the remainder when 3296 is divided by 123?
98
What is the remainder when 40783 is divided by 9?
4
Calculate the remainder when 46619 is divided by 164.
43
Calculate the remainder when 57209 is divided by 773.
7
Calculate the remainder when 19898 is divided by 186.
182
Calculate the remainder when 3516 is divided by 1746.
24
What is the remainder when 9562 is divided by 67?
48
Calculate the remainder when 1915956 is divided by 233.
230
Calculate the remainder when 3379 is divided by 261.
247
Calculate the remainder when 246696 is divided by 20.
16
What is the remainder when 388160 is divided by 272?
16
What is the remainder when 2420 is divided by 1175?
70
Calculate the remainder when 2801 is divided by 82.
13
Calculate the remainder when 735 is divided by 98.
49
What is the remainder when 650316 is divided by 74?
4
What is the remainder when 464 is divided by 36?
32
What is the remainder when 56293 is divided by 113?
19
Calculate the remainder when 311245 is divided by 13530.
55
What is the remainder when 40315 is divided by 40312?
3
Calculate the remainder when 16715 is divided by 418.
413
Calculate the remainder when 29152 is divided by 911.
0
What is the remainder when 71441 is divided by 576?
17
Calculate the remainder when 2801 is divided by 219.
173
What is the remainder when 4749 is divided by 41?
34
Calculate the remainder when 1207730 is divided by 17.
16
Calculate the remainder when 3297 is divided by 366.
3
Calculate the remainder when 11330647 is divided by 1624.
1623
Calculate the remainder when 1476 is divided by 93.
81
Calculate the remainder when 16468 is divided by 672.
340
Calculate the remainder when 3653739 is divided by 91.
89
What is the remainder when 215164 is divided by 34?
12
What is the remainder when 41974 is divided by 742?
422
Calculate the remainder when 2117937 is divided by 30.
27
Calculate the remainder when 542353 is divided by 18.
13
What is the remainder when 8874 is divided by 24?
18
Calculate the remainder when 211839 is divided by 52956.
15
Calculate the remainder when 3219 is divided by 809.
792
What is the remainder when 1370 is divided by 727?
643
Calculate the remainder when 24725 is divided by 6178.
13
What is the remainder when 69175 is divided by 427?
1
What is the remainder when 82695 is divided by 33?
30
Calculate the remainder when 3848 is divided by 9.
5
Calculate the remainder when 819301 is divided by 29.
22
What is the remainder when 6685 is divided by 665?
35
What is the remainder when 508 is divided by 133?
109
Calculate the remainder when 10193 is divided by 3187.
632
What is the remainder when 157171 is divided by 31433?
6
Calculate the remainder when 2349 is divided by 113.
89
Calculate the remainder when 1580326 is divided by 7.
6
What is the remainder when 661 is divided by 464?
197
Calculate the remainder when 19670 is divided by 29.
8
Calculate the remainder when 83841 is divided by 60.
21
What is the remainder when 91981 is divided by 557?
76
What is the remainder when 476 is divided by 37?
32
What is the remainder when 4127 is divided by 370?
57
What is the remainder when 843851 is divided by 242?
239
What is the remainder when 236065 is divided by 24?
1
Calculate the remainder when 505228 is divided by 1075.
1053
What is the remainder when 54292 is divided by 3193?
11
Calculate the remainder when 16230 is divided by 149.
138
Calculate the remainder when 304821 is divided by 6.
3
What is the remainder when 71298 is divided by 236?
26
Calculate the remainder when 649 is divided by 104.
25
What is the remainder when 1231 is divided by 331?
238
What is the remainder when 69888 is divided by 416?
0
What is the remainder when 3236 is divided by 1617?
2
What is the remainder when 138164 is divided by 1368?
1364
What is the remainder when 2108 is divided by 57?
56
What is the remainder when 27946 is divided by 86?
82
Calculate the remainder when 8517 is divided by 6.
3
Calculate the remainder when 207 is divided by 186.
21
What is the remainder when 6569 is divided by 25?
19
What is the remainder when 11072 is divided by 1224?
56
What is the remainder when 17916 is divided by 8948?
20
Calculate the remainder when 39439 is divided by 19714.
11
Calculate the remainder when 13243 is divided by 16.
11
What is the remainder when 15543 is divided by 23?
18
Calculate the remainder when 4416 is divided by 184.
0
What is the remainder when 10123 is divided by 919?
14
What is the remainder when 6032861 is divided by 32?
29
What is the remainder when 1964 is divided by 483?
32
What is the remainder when 195531 is divided by 6983?
7
What is the remainder when 6228 is divided by 70?
68
Calculate the remainder when 159712 is divided by 11408.
0
What is the remainder when 7266 is divided by 1201?
60
What is the remainder when 33145 is divided by 331?
45
What is the remainder when 39704 is divided by 39693?
11
What is the remainder when 97075 is divided by 117?
82
What is the remainder when 4587 is divided by 4574?
13
What is the remainder when 1376207 is divided by 152?
151
Calculate the remainder when 35785 is divided by 134.
7
What is the remainder when 5112 is divided by 46?
6
Calculate the remainder when 327 is divided by 306.
21
What is the remainder when 7233 is divided by 1030?
23
Calculate the remainder when 341 is divided by 100.
41
What is the remainder when 1177697 is divided by 5662?
1
Calculate the remainder when 3531 is divided by 295.
286
What is the remainder when 2597 is divided by 94?
59
What is the remainder when 21326 is divided by 28?
18
Calculate the remainder when 5813 is divided by 1852.
257
Calculate the remainder when 11884 is divided by 11677.
207
Calculate the remainder when 3744 is divided by 1722.
300
Calculate the remainder when 673868 is divided by 30629.
30
What is the remainder when 37890 is divided by 446?
426
Calculate the remainder when 7556 is divided by 44.
32
What is the remainder when 8801 is divided by 221?
182
What is the remainder when 45812 is divided by 1086?
200
What is the remainder when 2755 is divided by 382?
81
What is the remainder when 72714 is divided by 103?
99
What is the remainder when 220440 is divided by 5126?
22
What is the remainder when 130414 is divided by 43470?
4
Calculate the remainder when 1017 is divided by 518.
499
What is the remainder when 16895 is divided by 8444?
7
What is the remainder when 20729 is divided by 592?
9
What is the remainder when 54253 is divided by 33?
1
What is the remainder when 372012 is divided by 27?
6
What is the remainder when 14551 is divided by 8?
7
Calculate the remainder when 3622 is divided by 98.
94
Calculate the remainder when 181584 is divided by 1911.
39
What is the remainder when 446830 is divided by 214?
212
Calculate the remainder when 17909 is divided by 46.
15
Calculate the remainder when 1868 is divided by 449.
72
Calculate the remainder when 8661 is divided by 272.
229
Calculate the remainder when 9387 is divided by 1872.
27
Calculate the remainder when 52750 is divided by 218.
212
Calculate the remainder when 46868 is divided by 1039.
113
Calculate the remainder when 31235 is divided by 5133.
437
Calculate the remainder when 905 is divided by 353.
199
Calculate the remainder when 163 is divided by 70.
23
What is the remainder when 184220 is divided by 27?
26
What is the remainder when 5782 is divided by 665?
462
Calculate the remainder when 189039 is divided by 556.
555
What is the remainder when 6693 is divided by 328?
133
Calculate the remainder when 3434 is divided by 3413.
21
Ca